{"id":1055,"date":"2019-12-04T19:12:55","date_gmt":"2019-12-04T18:12:55","guid":{"rendered":"http:\/\/maisondejusticeetdudroit.fr\/?page_id=1055"},"modified":"2021-03-21T18:11:13","modified_gmt":"2021-03-21T17:11:13","slug":"des-chiffres-cles-en-2018-sous-forme-de-dessins","status":"publish","type":"page","link":"https:\/\/maisondejusticetdudroit.fr\/index.php\/des-chiffres-cles-en-2018-sous-forme-de-dessins\/","title":{"rendered":"Des chiffres-cl\u00e9s en 2020"},"content":{"rendered":"\t\t<div data-elementor-type=\"wp-page\" data-elementor-id=\"1055\" class=\"elementor elementor-1055\">\n\t\t\t\t\t\t<div class=\"elementor-inner\">\n\t\t\t\t<div class=\"elementor-section-wrap\">\n\t\t\t\t\t\t\t\t\t<section class=\"elementor-section elementor-top-section elementor-element elementor-element-e81e512 elementor-section-full_width elementor-section-height-default elementor-section-height-default\" data-id=\"e81e512\" data-element_type=\"section\">\n\t\t\t\t\t\t<div class=\"elementor-container elementor-column-gap-default\">\n\t\t\t\t\t\t\t<div class=\"elementor-row\">\n\t\t\t\t\t<div class=\"elementor-column elementor-col-100 elementor-top-column elementor-element elementor-element-3329eff\" data-id=\"3329eff\" data-element_type=\"column\">\n\t\t\t<div class=\"elementor-column-wrap elementor-element-populated\">\n\t\t\t\t\t\t\t<div class=\"elementor-widget-wrap\">\n\t\t\t\t\t\t<div class=\"elementor-element elementor-element-db0a686 elementor-widget elementor-widget-text-editor\" data-id=\"db0a686\" data-element_type=\"widget\" data-widget_type=\"text-editor.default\">\n\t\t\t\t<div class=\"elementor-widget-container\">\n\t\t\t\t\t\t\t\t<div class=\"elementor-text-editor elementor-clearfix\">\n\t\t\t\t<p>La Maison de Justice et du Droit de La Rochelle a re\u00e7u, durant l&rsquo;ann\u00e9e \u00e9coul\u00e9e, 4423 usagers, toutes activit\u00e9s confondues.<\/p><p>Le ralentissement de l&rsquo;activit\u00e9, comparativement \u00e0 l&rsquo;ann\u00e9e pr\u00e9c\u00e9dente (5482 usagers re\u00e7us en 2019) est en grande partie d\u00fb \u00e0 l&rsquo;incidence de la crise sanitaire avec la fermeture compl\u00e8te de la structure pendant\u00a0 les deux mois du confinement du 16 mars 2020.\u00a0<\/p><p>Ci-dessous, le bilan de fr\u00e9quentation d\u00e9taill\u00e9 de la MJD en 2020 :<\/p>\t\t\t\t\t<\/div>\n\t\t\t\t\t\t<\/div>\n\t\t\t\t<\/div>\n\t\t\t\t\t\t<\/div>\n\t\t\t\t\t<\/div>\n\t\t<\/div>\n\t\t\t\t\t\t\t\t<\/div>\n\t\t\t\t\t<\/div>\n\t\t<\/section>\n\t\t\t\t<section class=\"elementor-section elementor-top-section elementor-element elementor-element-0cca1fe elementor-section-full_width elementor-section-height-default elementor-section-height-default\" data-id=\"0cca1fe\" data-element_type=\"section\">\n\t\t\t\t\t\t<div class=\"elementor-container elementor-column-gap-default\">\n\t\t\t\t\t\t\t<div class=\"elementor-row\">\n\t\t\t\t\t<div class=\"elementor-column elementor-col-100 elementor-top-column elementor-element elementor-element-85b990e\" data-id=\"85b990e\" data-element_type=\"column\">\n\t\t\t<div class=\"elementor-column-wrap\">\n\t\t\t\t\t\t\t<div class=\"elementor-widget-wrap\">\n\t\t\t\t\t\t\t\t<\/div>\n\t\t\t\t\t<\/div>\n\t\t<\/div>\n\t\t\t\t\t\t\t\t<\/div>\n\t\t\t\t\t<\/div>\n\t\t<\/section>\n\t\t\t\t<section class=\"elementor-section elementor-top-section elementor-element elementor-element-e9094fc elementor-section-full_width elementor-section-height-default elementor-section-height-default\" data-id=\"e9094fc\" data-element_type=\"section\">\n\t\t\t\t\t\t<div class=\"elementor-container elementor-column-gap-default\">\n\t\t\t\t\t\t\t<div class=\"elementor-row\">\n\t\t\t\t\t<div class=\"elementor-column elementor-col-25 elementor-top-column elementor-element elementor-element-3e53b81\" data-id=\"3e53b81\" data-element_type=\"column\">\n\t\t\t<div class=\"elementor-column-wrap elementor-element-populated\">\n\t\t\t\t\t\t\t<div class=\"elementor-widget-wrap\">\n\t\t\t\t\t\t<div class=\"elementor-element elementor-element-97683b2 elementor-widget elementor-widget-text-editor\" data-id=\"97683b2\" data-element_type=\"widget\" data-widget_type=\"text-editor.default\">\n\t\t\t\t<div class=\"elementor-widget-container\">\n\t\t\t\t\t\t\t\t<div class=\"elementor-text-editor elementor-clearfix\">\n\t\t\t\t<p><a href=\"https:\/\/maisondejusticetdudroit.fr\/wp-content\/uploads\/2019\/12\/kisspng-telephone-call-symbol-smartphone-ringing-phone-5acb8cf9635065.2071133315232893374068-150x150-1.png\"><img loading=\"lazy\" decoding=\"async\" class=\"aligncenter wp-image-2294 size-thumbnail\" src=\"https:\/\/maisondejusticetdudroit.fr\/wp-content\/uploads\/2019\/12\/kisspng-telephone-call-symbol-smartphone-ringing-phone-5acb8cf9635065.2071133315232893374068-150x150-1-150x150.png\" alt=\"\" width=\"150\" height=\"150\" \/><\/a><\/p><p style=\"text-align: center;\"><b>2487<br \/><\/b>Nombre d&rsquo;appels t\u00e9l\u00e9phoniques<\/p>\t\t\t\t\t<\/div>\n\t\t\t\t\t\t<\/div>\n\t\t\t\t<\/div>\n\t\t\t\t\t\t<\/div>\n\t\t\t\t\t<\/div>\n\t\t<\/div>\n\t\t\t\t<div class=\"elementor-column elementor-col-25 elementor-top-column elementor-element elementor-element-c197864\" data-id=\"c197864\" data-element_type=\"column\">\n\t\t\t<div class=\"elementor-column-wrap elementor-element-populated\">\n\t\t\t\t\t\t\t<div class=\"elementor-widget-wrap\">\n\t\t\t\t\t\t<div class=\"elementor-element elementor-element-8ceca22 elementor-widget elementor-widget-text-editor\" data-id=\"8ceca22\" data-element_type=\"widget\" data-widget_type=\"text-editor.default\">\n\t\t\t\t<div class=\"elementor-widget-container\">\n\t\t\t\t\t\t\t\t<div class=\"elementor-text-editor elementor-clearfix\">\n\t\t\t\t<p style=\"text-align: center;\"><a href=\"https:\/\/maisondejusticetdudroit.fr\/wp-content\/uploads\/2019\/12\/usager-scaled.jpg\"><img loading=\"lazy\" decoding=\"async\" class=\"alignnone wp-image-1367 size-thumbnail\" src=\"https:\/\/maisondejusticetdudroit.fr\/wp-content\/uploads\/2019\/12\/usager-150x150.jpg\" alt=\"\" width=\"150\" height=\"150\" srcset=\"https:\/\/maisondejusticetdudroit.fr\/wp-content\/uploads\/2019\/12\/usager-150x150.jpg 150w, https:\/\/maisondejusticetdudroit.fr\/wp-content\/uploads\/2019\/12\/usager-300x300.jpg 300w, https:\/\/maisondejusticetdudroit.fr\/wp-content\/uploads\/2019\/12\/usager-1024x1024.jpg 1024w, https:\/\/maisondejusticetdudroit.fr\/wp-content\/uploads\/2019\/12\/usager-768x768.jpg 768w, https:\/\/maisondejusticetdudroit.fr\/wp-content\/uploads\/2019\/12\/usager-1536x1536.jpg 1536w, https:\/\/maisondejusticetdudroit.fr\/wp-content\/uploads\/2019\/12\/usager-2048x2048.jpg 2048w, https:\/\/maisondejusticetdudroit.fr\/wp-content\/uploads\/2019\/12\/usager-200x200.jpg 200w\" sizes=\"(max-width: 150px) 100vw, 150px\" \/><\/a><\/p><p style=\"text-align: center;\"><b>688<br \/><\/b>Nombre d&rsquo;usagers re\u00e7us<\/p>\t\t\t\t\t<\/div>\n\t\t\t\t\t\t<\/div>\n\t\t\t\t<\/div>\n\t\t\t\t\t\t<\/div>\n\t\t\t\t\t<\/div>\n\t\t<\/div>\n\t\t\t\t<div class=\"elementor-column elementor-col-25 elementor-top-column elementor-element elementor-element-d712336\" data-id=\"d712336\" data-element_type=\"column\">\n\t\t\t<div class=\"elementor-column-wrap elementor-element-populated\">\n\t\t\t\t\t\t\t<div class=\"elementor-widget-wrap\">\n\t\t\t\t\t\t<div class=\"elementor-element elementor-element-a9a7ba5 elementor-widget elementor-widget-text-editor\" data-id=\"a9a7ba5\" data-element_type=\"widget\" data-widget_type=\"text-editor.default\">\n\t\t\t\t<div class=\"elementor-widget-container\">\n\t\t\t\t\t\t\t\t<div class=\"elementor-text-editor elementor-clearfix\">\n\t\t\t\t<p style=\"text-align: center;\"><a href=\"https:\/\/maisondejusticetdudroit.fr\/wp-content\/uploads\/2019\/12\/entretiens_penal-1024x1024-1.png\"><img loading=\"lazy\" decoding=\"async\" class=\"alignnone wp-image-2297 size-thumbnail\" src=\"https:\/\/maisondejusticetdudroit.fr\/wp-content\/uploads\/2019\/12\/entretiens_penal-1024x1024-1-150x150.png\" alt=\"\" width=\"150\" height=\"150\" srcset=\"https:\/\/maisondejusticetdudroit.fr\/wp-content\/uploads\/2019\/12\/entretiens_penal-1024x1024-1-150x150.png 150w, https:\/\/maisondejusticetdudroit.fr\/wp-content\/uploads\/2019\/12\/entretiens_penal-1024x1024-1-300x300.png 300w, https:\/\/maisondejusticetdudroit.fr\/wp-content\/uploads\/2019\/12\/entretiens_penal-1024x1024-1.png 1024w, https:\/\/maisondejusticetdudroit.fr\/wp-content\/uploads\/2019\/12\/entretiens_penal-1024x1024-1-768x768.png 768w, https:\/\/maisondejusticetdudroit.fr\/wp-content\/uploads\/2019\/12\/entretiens_penal-1024x1024-1-200x200.png 200w\" sizes=\"(max-width: 150px) 100vw, 150px\" \/><\/a><\/p><p style=\"text-align: center;\"><b>337<br \/><\/b>Nombre d&rsquo;entretiens en mati\u00e8re p\u00e9nale<\/p><p>\u00a0<\/p>\t\t\t\t\t<\/div>\n\t\t\t\t\t\t<\/div>\n\t\t\t\t<\/div>\n\t\t\t\t\t\t<\/div>\n\t\t\t\t\t<\/div>\n\t\t<\/div>\n\t\t\t\t<div class=\"elementor-column elementor-col-25 elementor-top-column elementor-element elementor-element-f3e75ec\" data-id=\"f3e75ec\" data-element_type=\"column\">\n\t\t\t<div class=\"elementor-column-wrap elementor-element-populated\">\n\t\t\t\t\t\t\t<div class=\"elementor-widget-wrap\">\n\t\t\t\t\t\t<div class=\"elementor-element elementor-element-1566406 elementor-widget elementor-widget-text-editor\" data-id=\"1566406\" data-element_type=\"widget\" data-widget_type=\"text-editor.default\">\n\t\t\t\t<div class=\"elementor-widget-container\">\n\t\t\t\t\t\t\t\t<div class=\"elementor-text-editor elementor-clearfix\">\n\t\t\t\t<p style=\"text-align: center;\"><a href=\"https:\/\/maisondejusticetdudroit.fr\/wp-content\/uploads\/2019\/12\/usager_acces_Droit.png\"><img loading=\"lazy\" decoding=\"async\" class=\"alignnone wp-image-1369 size-thumbnail\" src=\"https:\/\/maisondejusticetdudroit.fr\/wp-content\/uploads\/2019\/12\/usager_acces_Droit-150x150.png\" alt=\"\" width=\"150\" height=\"150\" srcset=\"https:\/\/maisondejusticetdudroit.fr\/wp-content\/uploads\/2019\/12\/usager_acces_Droit-150x150.png 150w, https:\/\/maisondejusticetdudroit.fr\/wp-content\/uploads\/2019\/12\/usager_acces_Droit.png 154w\" sizes=\"(max-width: 150px) 100vw, 150px\" \/><\/a><\/p><p style=\"text-align: center;\"><b>911<br \/><\/b>Nombre de personnes re\u00e7ues acc\u00e8s au droit<\/p>\t\t\t\t\t<\/div>\n\t\t\t\t\t\t<\/div>\n\t\t\t\t<\/div>\n\t\t\t\t\t\t<\/div>\n\t\t\t\t\t<\/div>\n\t\t<\/div>\n\t\t\t\t\t\t\t\t<\/div>\n\t\t\t\t\t<\/div>\n\t\t<\/section>\n\t\t\t\t\t\t\t\t\t<\/div>\n\t\t\t<\/div>\n\t\t\t\t\t<\/div>\n\t\t","protected":false},"excerpt":{"rendered":"<p>La Maison de Justice et du Droit de La Rochelle a re\u00e7u, durant l&rsquo;ann\u00e9e \u00e9coul\u00e9e, 4423 usagers, toutes activit\u00e9s confondues. Le ralentissement de l&rsquo;activit\u00e9, comparativement \u00e0 l&rsquo;ann\u00e9e pr\u00e9c\u00e9dente (5482 usagers re\u00e7us en 2019) est en grande partie d\u00fb \u00e0 l&rsquo;incidence de la crise sanitaire avec la fermeture compl\u00e8te de la structure pendant\u00a0 les deux mois <a class=\"more-link\" href=\"https:\/\/maisondejusticetdudroit.fr\/index.php\/des-chiffres-cles-en-2018-sous-forme-de-dessins\/\">Lire plus &#8230;<\/a><\/p>\n","protected":false},"author":1,"featured_media":0,"parent":0,"menu_order":0,"comment_status":"closed","ping_status":"closed","template":"","meta":{"footnotes":""},"yoast_head":"<!-- This site is optimized with the Yoast SEO plugin v19.7.2 - https:\/\/yoast.com\/wordpress\/plugins\/seo\/ -->\n<title>Des chiffres-cl\u00e9s en 2020 - Maison De Justice et du Droit de La Rochelle<\/title>\n<meta name=\"robots\" content=\"index, follow, max-snippet:-1, max-image-preview:large, max-video-preview:-1\" \/>\n<link rel=\"canonical\" href=\"https:\/\/maisondejusticetdudroit.fr\/index.php\/des-chiffres-cles-en-2018-sous-forme-de-dessins\/\" \/>\n<meta property=\"og:locale\" content=\"fr_FR\" \/>\n<meta property=\"og:type\" content=\"article\" \/>\n<meta property=\"og:title\" content=\"Des chiffres-cl\u00e9s en 2020 - Maison De Justice et du Droit de La Rochelle\" \/>\n<meta property=\"og:description\" content=\"La Maison de Justice et du Droit de La Rochelle a re\u00e7u, durant l&rsquo;ann\u00e9e \u00e9coul\u00e9e, 4423 usagers, toutes activit\u00e9s confondues. Le ralentissement de l&rsquo;activit\u00e9, comparativement \u00e0 l&rsquo;ann\u00e9e pr\u00e9c\u00e9dente (5482 usagers re\u00e7us en 2019) est en grande partie d\u00fb \u00e0 l&rsquo;incidence de la crise sanitaire avec la fermeture compl\u00e8te de la structure pendant\u00a0 les deux mois Lire plus ...\" \/>\n<meta property=\"og:url\" content=\"https:\/\/maisondejusticetdudroit.fr\/index.php\/des-chiffres-cles-en-2018-sous-forme-de-dessins\/\" \/>\n<meta property=\"og:site_name\" content=\"Maison De Justice et du Droit de La Rochelle\" \/>\n<meta property=\"article:modified_time\" content=\"2021-03-21T17:11:13+00:00\" \/>\n<meta property=\"og:image\" content=\"https:\/\/maisondejusticetdudroit.fr\/wp-content\/uploads\/2019\/12\/kisspng-telephone-call-symbol-smartphone-ringing-phone-5acb8cf9635065.2071133315232893374068-150x150-1-150x150.png\" \/>\n<meta name=\"twitter:card\" content=\"summary_large_image\" \/>\n<meta name=\"twitter:label1\" content=\"Dur\u00e9e de lecture estim\u00e9e\" \/>\n\t<meta name=\"twitter:data1\" content=\"2 minutes\" \/>\n<script type=\"application\/ld+json\" class=\"yoast-schema-graph\">{\"@context\":\"https:\/\/schema.org\",\"@graph\":[{\"@type\":\"WebPage\",\"@id\":\"https:\/\/maisondejusticetdudroit.fr\/index.php\/des-chiffres-cles-en-2018-sous-forme-de-dessins\/\",\"url\":\"https:\/\/maisondejusticetdudroit.fr\/index.php\/des-chiffres-cles-en-2018-sous-forme-de-dessins\/\",\"name\":\"Des chiffres-cl\u00e9s en 2020 - Maison De Justice et du Droit de La Rochelle\",\"isPartOf\":{\"@id\":\"https:\/\/maisondejusticetdudroit.fr\/#website\"},\"datePublished\":\"2019-12-04T18:12:55+00:00\",\"dateModified\":\"2021-03-21T17:11:13+00:00\",\"breadcrumb\":{\"@id\":\"https:\/\/maisondejusticetdudroit.fr\/index.php\/des-chiffres-cles-en-2018-sous-forme-de-dessins\/#breadcrumb\"},\"inLanguage\":\"fr-FR\",\"potentialAction\":[{\"@type\":\"ReadAction\",\"target\":[\"https:\/\/maisondejusticetdudroit.fr\/index.php\/des-chiffres-cles-en-2018-sous-forme-de-dessins\/\"]}]},{\"@type\":\"BreadcrumbList\",\"@id\":\"https:\/\/maisondejusticetdudroit.fr\/index.php\/des-chiffres-cles-en-2018-sous-forme-de-dessins\/#breadcrumb\",\"itemListElement\":[{\"@type\":\"ListItem\",\"position\":1,\"name\":\"Accueil\",\"item\":\"https:\/\/maisondejusticetdudroit.fr\/\"},{\"@type\":\"ListItem\",\"position\":2,\"name\":\"Des chiffres-cl\u00e9s en 2020\"}]},{\"@type\":\"WebSite\",\"@id\":\"https:\/\/maisondejusticetdudroit.fr\/#website\",\"url\":\"https:\/\/maisondejusticetdudroit.fr\/\",\"name\":\"Maison De Justice et du Droit de La Rochelle\",\"description\":\"Un service gratuit et confidentiel d&#039;information juridique\",\"publisher\":{\"@id\":\"https:\/\/maisondejusticetdudroit.fr\/#organization\"},\"potentialAction\":[{\"@type\":\"SearchAction\",\"target\":{\"@type\":\"EntryPoint\",\"urlTemplate\":\"https:\/\/maisondejusticetdudroit.fr\/?s={search_term_string}\"},\"query-input\":\"required name=search_term_string\"}],\"inLanguage\":\"fr-FR\"},{\"@type\":\"Organization\",\"@id\":\"https:\/\/maisondejusticetdudroit.fr\/#organization\",\"name\":\"Maison de justice et du droit de La Rochelle\",\"url\":\"https:\/\/maisondejusticetdudroit.fr\/\",\"sameAs\":[],\"logo\":{\"@type\":\"ImageObject\",\"inLanguage\":\"fr-FR\",\"@id\":\"https:\/\/maisondejusticetdudroit.fr\/#\/schema\/logo\/image\/\",\"url\":\"https:\/\/maisondejusticetdudroit.fr\/wp-content\/uploads\/2019\/12\/logo_MDJ.png\",\"contentUrl\":\"https:\/\/maisondejusticetdudroit.fr\/wp-content\/uploads\/2019\/12\/logo_MDJ.png\",\"width\":360,\"height\":270,\"caption\":\"Maison de justice et du droit de La Rochelle\"},\"image\":{\"@id\":\"https:\/\/maisondejusticetdudroit.fr\/#\/schema\/logo\/image\/\"}}]}<\/script>\n<!-- \/ Yoast SEO plugin. -->","yoast_head_json":{"title":"Des chiffres-cl\u00e9s en 2020 - Maison De Justice et du Droit de La Rochelle","robots":{"index":"index","follow":"follow","max-snippet":"max-snippet:-1","max-image-preview":"max-image-preview:large","max-video-preview":"max-video-preview:-1"},"canonical":"https:\/\/maisondejusticetdudroit.fr\/index.php\/des-chiffres-cles-en-2018-sous-forme-de-dessins\/","og_locale":"fr_FR","og_type":"article","og_title":"Des chiffres-cl\u00e9s en 2020 - Maison De Justice et du Droit de La Rochelle","og_description":"La Maison de Justice et du Droit de La Rochelle a re\u00e7u, durant l&rsquo;ann\u00e9e \u00e9coul\u00e9e, 4423 usagers, toutes activit\u00e9s confondues. Le ralentissement de l&rsquo;activit\u00e9, comparativement \u00e0 l&rsquo;ann\u00e9e pr\u00e9c\u00e9dente (5482 usagers re\u00e7us en 2019) est en grande partie d\u00fb \u00e0 l&rsquo;incidence de la crise sanitaire avec la fermeture compl\u00e8te de la structure pendant\u00a0 les deux mois Lire plus ...","og_url":"https:\/\/maisondejusticetdudroit.fr\/index.php\/des-chiffres-cles-en-2018-sous-forme-de-dessins\/","og_site_name":"Maison De Justice et du Droit de La Rochelle","article_modified_time":"2021-03-21T17:11:13+00:00","og_image":[{"url":"https:\/\/maisondejusticetdudroit.fr\/wp-content\/uploads\/2019\/12\/kisspng-telephone-call-symbol-smartphone-ringing-phone-5acb8cf9635065.2071133315232893374068-150x150-1-150x150.png"}],"twitter_card":"summary_large_image","twitter_misc":{"Dur\u00e9e de lecture estim\u00e9e":"2 minutes"},"schema":{"@context":"https:\/\/schema.org","@graph":[{"@type":"WebPage","@id":"https:\/\/maisondejusticetdudroit.fr\/index.php\/des-chiffres-cles-en-2018-sous-forme-de-dessins\/","url":"https:\/\/maisondejusticetdudroit.fr\/index.php\/des-chiffres-cles-en-2018-sous-forme-de-dessins\/","name":"Des chiffres-cl\u00e9s en 2020 - Maison De Justice et du Droit de La Rochelle","isPartOf":{"@id":"https:\/\/maisondejusticetdudroit.fr\/#website"},"datePublished":"2019-12-04T18:12:55+00:00","dateModified":"2021-03-21T17:11:13+00:00","breadcrumb":{"@id":"https:\/\/maisondejusticetdudroit.fr\/index.php\/des-chiffres-cles-en-2018-sous-forme-de-dessins\/#breadcrumb"},"inLanguage":"fr-FR","potentialAction":[{"@type":"ReadAction","target":["https:\/\/maisondejusticetdudroit.fr\/index.php\/des-chiffres-cles-en-2018-sous-forme-de-dessins\/"]}]},{"@type":"BreadcrumbList","@id":"https:\/\/maisondejusticetdudroit.fr\/index.php\/des-chiffres-cles-en-2018-sous-forme-de-dessins\/#breadcrumb","itemListElement":[{"@type":"ListItem","position":1,"name":"Accueil","item":"https:\/\/maisondejusticetdudroit.fr\/"},{"@type":"ListItem","position":2,"name":"Des chiffres-cl\u00e9s en 2020"}]},{"@type":"WebSite","@id":"https:\/\/maisondejusticetdudroit.fr\/#website","url":"https:\/\/maisondejusticetdudroit.fr\/","name":"Maison De Justice et du Droit de La Rochelle","description":"Un service gratuit et confidentiel d&#039;information juridique","publisher":{"@id":"https:\/\/maisondejusticetdudroit.fr\/#organization"},"potentialAction":[{"@type":"SearchAction","target":{"@type":"EntryPoint","urlTemplate":"https:\/\/maisondejusticetdudroit.fr\/?s={search_term_string}"},"query-input":"required name=search_term_string"}],"inLanguage":"fr-FR"},{"@type":"Organization","@id":"https:\/\/maisondejusticetdudroit.fr\/#organization","name":"Maison de justice et du droit de La Rochelle","url":"https:\/\/maisondejusticetdudroit.fr\/","sameAs":[],"logo":{"@type":"ImageObject","inLanguage":"fr-FR","@id":"https:\/\/maisondejusticetdudroit.fr\/#\/schema\/logo\/image\/","url":"https:\/\/maisondejusticetdudroit.fr\/wp-content\/uploads\/2019\/12\/logo_MDJ.png","contentUrl":"https:\/\/maisondejusticetdudroit.fr\/wp-content\/uploads\/2019\/12\/logo_MDJ.png","width":360,"height":270,"caption":"Maison de justice et du droit de La Rochelle"},"image":{"@id":"https:\/\/maisondejusticetdudroit.fr\/#\/schema\/logo\/image\/"}}]}},"_links":{"self":[{"href":"https:\/\/maisondejusticetdudroit.fr\/index.php\/wp-json\/wp\/v2\/pages\/1055"}],"collection":[{"href":"https:\/\/maisondejusticetdudroit.fr\/index.php\/wp-json\/wp\/v2\/pages"}],"about":[{"href":"https:\/\/maisondejusticetdudroit.fr\/index.php\/wp-json\/wp\/v2\/types\/page"}],"author":[{"embeddable":true,"href":"https:\/\/maisondejusticetdudroit.fr\/index.php\/wp-json\/wp\/v2\/users\/1"}],"replies":[{"embeddable":true,"href":"https:\/\/maisondejusticetdudroit.fr\/index.php\/wp-json\/wp\/v2\/comments?post=1055"}],"version-history":[{"count":48,"href":"https:\/\/maisondejusticetdudroit.fr\/index.php\/wp-json\/wp\/v2\/pages\/1055\/revisions"}],"predecessor-version":[{"id":4438,"href":"https:\/\/maisondejusticetdudroit.fr\/index.php\/wp-json\/wp\/v2\/pages\/1055\/revisions\/4438"}],"wp:attachment":[{"href":"https:\/\/maisondejusticetdudroit.fr\/index.php\/wp-json\/wp\/v2\/media?parent=1055"}],"curies":[{"name":"wp","href":"https:\/\/api.w.org\/{rel}","templated":true}]}}