{"id":1390,"date":"2019-12-12T20:48:55","date_gmt":"2019-12-12T19:48:55","guid":{"rendered":"https:\/\/maisondejusticeetdudroit.fr\/?page_id=1390"},"modified":"2022-04-11T15:51:16","modified_gmt":"2022-04-11T13:51:16","slug":"comment-ca-fonctionne","status":"publish","type":"page","link":"https:\/\/maisondejusticetdudroit.fr\/index.php\/comment-ca-fonctionne\/","title":{"rendered":"Comment \u00e7a fonctionne ?"},"content":{"rendered":"\t\t<div data-elementor-type=\"wp-page\" data-elementor-id=\"1390\" class=\"elementor elementor-1390\">\n\t\t\t\t\t\t<div class=\"elementor-inner\">\n\t\t\t\t<div class=\"elementor-section-wrap\">\n\t\t\t\t\t\t\t\t\t<section class=\"elementor-section elementor-top-section elementor-element elementor-element-28715a4 elementor-section-full_width elementor-section-height-default elementor-section-height-default\" data-id=\"28715a4\" data-element_type=\"section\">\n\t\t\t\t\t\t<div class=\"elementor-container elementor-column-gap-default\">\n\t\t\t\t\t\t\t<div class=\"elementor-row\">\n\t\t\t\t\t<div class=\"elementor-column elementor-col-100 elementor-top-column elementor-element elementor-element-9188413\" data-id=\"9188413\" data-element_type=\"column\">\n\t\t\t<div class=\"elementor-column-wrap elementor-element-populated\">\n\t\t\t\t\t\t\t<div class=\"elementor-widget-wrap\">\n\t\t\t\t\t\t<div class=\"elementor-element elementor-element-25c5437 elementor-widget elementor-widget-text-editor\" data-id=\"25c5437\" data-element_type=\"widget\" data-widget_type=\"text-editor.default\">\n\t\t\t\t<div class=\"elementor-widget-container\">\n\t\t\t\t\t\t\t\t<div class=\"elementor-text-editor elementor-clearfix\">\n\t\t\t\t<p align=\"justify\">L&rsquo;acc\u00e8s au droit est facilit\u00e9 sur site par les permanences d&rsquo;information et les consultations juridiques, r\u00e9guli\u00e8res, respectivement dispens\u00e9es par des associations et des partenaires institutionnels (professionnels de droit : avocats, notaires et huissiers de justice). La plupart de ces permanences se tiennent \u00e9galement dans les Points-Justice du d\u00e9partement, anciennement d\u00e9nomm\u00e9s Points d&rsquo;Acc\u00e8s au droit.<\/p>\n<p align=\"justify\">Ces consultations sont gratuites, confidentielles et anonymes. Les usagers sont re\u00e7us, dans le cadre de toutes ces permanences, <i><u>sur rendez-vous<\/u><\/i>.<\/p>\t\t\t\t\t<\/div>\n\t\t\t\t\t\t<\/div>\n\t\t\t\t<\/div>\n\t\t\t\t\t\t<\/div>\n\t\t\t\t\t<\/div>\n\t\t<\/div>\n\t\t\t\t\t\t\t\t<\/div>\n\t\t\t\t\t<\/div>\n\t\t<\/section>\n\t\t\t\t<section class=\"elementor-section elementor-top-section elementor-element elementor-element-77e197e elementor-section-full_width elementor-section-height-default elementor-section-height-default\" data-id=\"77e197e\" data-element_type=\"section\">\n\t\t\t\t\t\t<div class=\"elementor-container elementor-column-gap-default\">\n\t\t\t\t\t\t\t<div class=\"elementor-row\">\n\t\t\t\t\t<div class=\"elementor-column elementor-col-100 elementor-top-column elementor-element elementor-element-9001048\" data-id=\"9001048\" data-element_type=\"column\">\n\t\t\t<div class=\"elementor-column-wrap elementor-element-populated\">\n\t\t\t\t\t\t\t<div class=\"elementor-widget-wrap\">\n\t\t\t\t\t\t<div class=\"elementor-element elementor-element-057c80d elementor-widget elementor-widget-text-editor\" data-id=\"057c80d\" data-element_type=\"widget\" data-widget_type=\"text-editor.default\">\n\t\t\t\t<div class=\"elementor-widget-container\">\n\t\t\t\t\t\t\t\t<div class=\"elementor-text-editor elementor-clearfix\">\n\t\t\t\t<h6 align=\"justify\"><b>Vous souhaitez recueillir de l&rsquo;information. Comment obtenir un rendez-vous ?<\/b> :<\/h6><p align=\"justify\"><i>. Si vous r\u00e9sidez dans une commune partenaire<\/i> (du ressort du Tribunal Judiciaire de La Rochelle) <span style=\"color: #ff0000;\"><b>*<\/b><\/span>, vous pouvez contacter le service d&rsquo;accueil du Point-Justice La Rochelle-Mireuil, soit par voie t\u00e9l\u00e9phonique, soit par mail, soit par d\u00e9placement sur site, afin d&rsquo;obtenir une prise de rendez-vous. Vous pouvez aussi, pour les communes les plus \u00e9loign\u00e9es de La Rochelle ou pour des questions d&rsquo;ordre pratique, vous rapprocher du Point-Justice le plus proche de votre domicile.<\/p>\t\t\t\t\t<\/div>\n\t\t\t\t\t\t<\/div>\n\t\t\t\t<\/div>\n\t\t\t\t\t\t<\/div>\n\t\t\t\t\t<\/div>\n\t\t<\/div>\n\t\t\t\t\t\t\t\t<\/div>\n\t\t\t\t\t<\/div>\n\t\t<\/section>\n\t\t\t\t<section class=\"elementor-section elementor-top-section elementor-element elementor-element-1f2becb elementor-section-full_width elementor-section-height-default elementor-section-height-default\" data-id=\"1f2becb\" data-element_type=\"section\">\n\t\t\t\t\t\t<div class=\"elementor-container elementor-column-gap-default\">\n\t\t\t\t\t\t\t<div class=\"elementor-row\">\n\t\t\t\t\t<div class=\"elementor-column elementor-col-50 elementor-top-column elementor-element elementor-element-c7c2c27\" data-id=\"c7c2c27\" data-element_type=\"column\">\n\t\t\t<div class=\"elementor-column-wrap elementor-element-populated\">\n\t\t\t\t\t\t\t<div class=\"elementor-widget-wrap\">\n\t\t\t\t\t\t<div class=\"elementor-element elementor-element-f06ac83 elementor-widget elementor-widget-text-editor\" data-id=\"f06ac83\" data-element_type=\"widget\" data-widget_type=\"text-editor.default\">\n\t\t\t\t<div class=\"elementor-widget-container\">\n\t\t\t\t\t\t\t\t<div class=\"elementor-text-editor elementor-clearfix\">\n\t\t\t\t<p>Pour acc\u00e9der au flyer des POINTS-JUSTICE en CHARENTE-MARITIME, afin de rep\u00e9rer le Point-Justice le mieux appropri\u00e9 <strong>(Villeneuve les Salines, Rochefort, Marennes,\u00a0<\/strong><strong style=\"font-family: 'Open Sans', sans-serif; font-size: 16px; font-style: normal;\">Royan, Saint-Jean d&rsquo;Ang\u00e9ly, Jonzac ou Saintes<\/strong><strong style=\"font-size: 16px;\">)<\/strong><\/p>\t\t\t\t\t<\/div>\n\t\t\t\t\t\t<\/div>\n\t\t\t\t<\/div>\n\t\t\t\t\t\t<\/div>\n\t\t\t\t\t<\/div>\n\t\t<\/div>\n\t\t\t\t<div class=\"elementor-column elementor-col-50 elementor-top-column elementor-element elementor-element-4a95e30\" data-id=\"4a95e30\" data-element_type=\"column\">\n\t\t\t<div class=\"elementor-column-wrap elementor-element-populated\">\n\t\t\t\t\t\t\t<div class=\"elementor-widget-wrap\">\n\t\t\t\t\t\t<div class=\"elementor-element elementor-element-21c5e69 elementor-widget elementor-widget-image\" data-id=\"21c5e69\" data-element_type=\"widget\" data-widget_type=\"image.default\">\n\t\t\t\t<div class=\"elementor-widget-container\">\n\t\t\t\t\t\t\t\t<div class=\"elementor-image\">\n\t\t\t\t\t\t\t\t\t\t\t\t\t<a href=\"https:\/\/maisondejusticetdudroit.fr\/wp-content\/uploads\/2022\/04\/Flyer-des-Points-Justice-en-Charente-Maritime.pdf\" target=\"_blank\">\n\t\t\t\t\t\t\t<img decoding=\"async\" src=\"https:\/\/maisondejusticetdudroit.fr\/wp-content\/uploads\/elementor\/thumbs\/cliquez-ici-oi7twsyx6mztdpq5dphjnlyvhahcma8h8yshtd9j06.png\" title=\"cliquez ici\" alt=\"cliquez ici\" \/>\t\t\t\t\t\t\t\t<\/a>\n\t\t\t\t\t\t\t\t\t\t\t\t\t\t<\/div>\n\t\t\t\t\t\t<\/div>\n\t\t\t\t<\/div>\n\t\t\t\t\t\t<\/div>\n\t\t\t\t\t<\/div>\n\t\t<\/div>\n\t\t\t\t\t\t\t\t<\/div>\n\t\t\t\t\t<\/div>\n\t\t<\/section>\n\t\t\t\t<section class=\"elementor-section elementor-top-section elementor-element elementor-element-cc1a290 elementor-section-full_width elementor-section-height-default elementor-section-height-default\" data-id=\"cc1a290\" data-element_type=\"section\">\n\t\t\t\t\t\t<div class=\"elementor-container elementor-column-gap-default\">\n\t\t\t\t\t\t\t<div class=\"elementor-row\">\n\t\t\t\t\t<div class=\"elementor-column elementor-col-100 elementor-top-column elementor-element elementor-element-ff837ec\" data-id=\"ff837ec\" data-element_type=\"column\">\n\t\t\t<div class=\"elementor-column-wrap elementor-element-populated\">\n\t\t\t\t\t\t\t<div class=\"elementor-widget-wrap\">\n\t\t\t\t\t\t<div class=\"elementor-element elementor-element-5afd17a elementor-widget elementor-widget-text-editor\" data-id=\"5afd17a\" data-element_type=\"widget\" data-widget_type=\"text-editor.default\">\n\t\t\t\t<div class=\"elementor-widget-container\">\n\t\t\t\t\t\t\t\t<div class=\"elementor-text-editor elementor-clearfix\">\n\t\t\t\t<p align=\"justify\">. <i>Si vous r\u00e9sidez en dehors d&rsquo;une commune partenaire<\/i> : vous devez vous rapprocher du Point-Justice le plus proche de votre domicile.<\/p>\t\t\t\t\t<\/div>\n\t\t\t\t\t\t<\/div>\n\t\t\t\t<\/div>\n\t\t\t\t\t\t<\/div>\n\t\t\t\t\t<\/div>\n\t\t<\/div>\n\t\t\t\t\t\t\t\t<\/div>\n\t\t\t\t\t<\/div>\n\t\t<\/section>\n\t\t\t\t<section class=\"elementor-section elementor-top-section elementor-element elementor-element-bf1238f elementor-section-full_width elementor-section-height-default elementor-section-height-default\" data-id=\"bf1238f\" data-element_type=\"section\">\n\t\t\t\t\t\t<div class=\"elementor-container elementor-column-gap-default\">\n\t\t\t\t\t\t\t<div class=\"elementor-row\">\n\t\t\t\t\t<div class=\"elementor-column elementor-col-33 elementor-top-column elementor-element elementor-element-666b818\" data-id=\"666b818\" data-element_type=\"column\">\n\t\t\t<div class=\"elementor-column-wrap\">\n\t\t\t\t\t\t\t<div class=\"elementor-widget-wrap\">\n\t\t\t\t\t\t\t\t<\/div>\n\t\t\t\t\t<\/div>\n\t\t<\/div>\n\t\t\t\t<div class=\"elementor-column elementor-col-66 elementor-top-column elementor-element elementor-element-2877d72\" data-id=\"2877d72\" data-element_type=\"column\">\n\t\t\t<div class=\"elementor-column-wrap elementor-element-populated\">\n\t\t\t\t\t\t\t<div class=\"elementor-widget-wrap\">\n\t\t\t\t\t\t<div class=\"elementor-element elementor-element-0a8fcad elementor-widget elementor-widget-text-editor\" data-id=\"0a8fcad\" data-element_type=\"widget\" data-widget_type=\"text-editor.default\">\n\t\t\t\t<div class=\"elementor-widget-container\">\n\t\t\t\t\t\t\t\t<div class=\"elementor-text-editor elementor-clearfix\">\n\t\t\t\t<p align=\"JUSTIFY\"><span style=\"color: #ff0000;\"><b>*<\/b><\/span> <em>ci-apr\u00e8s, pour information, la liste des communes partenaires :<\/em><\/p>\t\t\t\t\t<\/div>\n\t\t\t\t\t\t<\/div>\n\t\t\t\t<\/div>\n\t\t\t\t\t\t<\/div>\n\t\t\t\t\t<\/div>\n\t\t<\/div>\n\t\t\t\t\t\t\t\t<\/div>\n\t\t\t\t\t<\/div>\n\t\t<\/section>\n\t\t\t\t<section class=\"elementor-section elementor-top-section elementor-element elementor-element-9caae40 elementor-section-full_width elementor-section-height-default elementor-section-height-default\" data-id=\"9caae40\" data-element_type=\"section\">\n\t\t\t\t\t\t<div class=\"elementor-container elementor-column-gap-default\">\n\t\t\t\t\t\t\t<div class=\"elementor-row\">\n\t\t\t\t\t<div class=\"elementor-column elementor-col-50 elementor-top-column elementor-element elementor-element-4eb6e72\" data-id=\"4eb6e72\" data-element_type=\"column\">\n\t\t\t<div class=\"elementor-column-wrap\">\n\t\t\t\t\t\t\t<div class=\"elementor-widget-wrap\">\n\t\t\t\t\t\t\t\t<\/div>\n\t\t\t\t\t<\/div>\n\t\t<\/div>\n\t\t\t\t<div class=\"elementor-column elementor-col-50 elementor-top-column elementor-element elementor-element-af2834c\" data-id=\"af2834c\" data-element_type=\"column\">\n\t\t\t<div class=\"elementor-column-wrap elementor-element-populated\">\n\t\t\t\t\t\t\t<div class=\"elementor-widget-wrap\">\n\t\t\t\t\t\t<div class=\"elementor-element elementor-element-bac9dbf elementor-widget elementor-widget-text-editor\" data-id=\"bac9dbf\" data-element_type=\"widget\" data-widget_type=\"text-editor.default\">\n\t\t\t\t<div class=\"elementor-widget-container\">\n\t\t\t\t\t\t\t\t<div class=\"elementor-text-editor elementor-clearfix\">\n\t\t\t\t<p align=\"justify\">Communes d\u2019Anais, Andilly, Angliers, Angoulins, Ars-en-R\u00e9, Aytr\u00e9, Benon, Bourgneuf, Charron, Ch\u00e2telaillon-Plage, Clavette, Cour\u00e7on, Cramchaban, Croix-Chapeau, Dompierre-sur-Mer, Esnandes, Ferri\u00e8res, La Couarde-sur-Mer, La Flotte, La Gr\u00e8ve-sur-Mignon, La Jarne, La Jarrie, La Laigne, La Rochelle, La Ronde, Lagord, Le Bois-Plage-en-R\u00e9, Le Gu\u00e9- d&rsquo;Aller\u00e9, Les Portes-en-R\u00e9, L&rsquo;Houmeau, Loix, Long\u00e8ves, Marans, Marsilly, Montroy, Nieul- sur-Mer, Nuaill\u00e9-d&rsquo;Aunis, P\u00e9rigny, Puilboreau, Rivedoux-Plage, Saint-Christophe, Saint- Cl\u00e9ment-des-Baleines, Saint-Cyr-du-Doret, Sainte- Marie-de-R\u00e9, Sainte-Soulle, Saint-Jean- de-Liversay, Saint-Martin-de-R\u00e9, Saint-M\u00e9dard- d&rsquo;Aunis, Saint-Ouen-d&rsquo;Aunis, Saint-Rogatien, Saint-Sauveur-d&rsquo;Aunis, Saint-Vivien, Saint- Xandre, Salles-sur-Mer, Taugon, V\u00e9rines et Villedoux.<\/p><p>Communes d\u2019Aigrefeuille-d&rsquo;Aunis, Ardilli\u00e8res, Arvert, Ballon, Beaugeay, Bouhet, Bourcefranc-le-Chapus, Breuil-la-R\u00e9orte, Breuil-Magn\u00e9, Cabariot, Chaillevette, Chambon, Champagne, Cir\u00e9-d&rsquo;Aunis, Dolus-d&rsquo;Ol\u00e9ron, \u00c9chillais, \u00c9taules, Forges, Fouras, Genouill\u00e9, Hiers-Brouage, \u00cele-d&rsquo;Aix, La Br\u00e9e-les-Bains, La Gripperie-Saint-Symphorien, La Tremblade, Landrais, Le Ch\u00e2teau-d&rsquo;Ol\u00e9ron, Le Grand-Village-Plage, Le Gua, Le Thou, Les Mathes, Loire-les- Marais, Lussant, Marennes, Marsais, Mo\u00ebze, Moragne, Muron, Nieulle- sur-Seudre, P\u00e9r\u00e9, Port-des- Barques, Puyravault, Rochefort, Saint-Agnant, Saint-Augustin, Saint-Coutant-le-Grand, Saint- Denis-d&rsquo;Ol\u00e9ron, Saint-Froult, Saint-Georges-d&rsquo;Ol\u00e9ron, Saint- Georges-du-Bois, Saint-Germain- de-Marencennes, Saint-Hippolyte, Saint-Jean-d&rsquo;Angle, Saint-Just-Luzac, Saint-Laurent-de-la-Pr\u00e9e, Saint-Mard, Saint-Nazaire-sur-Charente, Saint- Pierre-d&rsquo;Amilly, Saint-Pierre-d&rsquo;Ol\u00e9ron, Saint- Saturnin-du-Bois,Saint-Sornin, Saint-Trojan- les-Bains, Soubise, Surg\u00e8res, Thair\u00e9, Tonnay- Charente, Vandr\u00e9, Vergeroux, Virson, Vouh\u00e9 et Yves.<\/p>\t\t\t\t\t<\/div>\n\t\t\t\t\t\t<\/div>\n\t\t\t\t<\/div>\n\t\t\t\t\t\t<\/div>\n\t\t\t\t\t<\/div>\n\t\t<\/div>\n\t\t\t\t\t\t\t\t<\/div>\n\t\t\t\t\t<\/div>\n\t\t<\/section>\n\t\t\t\t<section class=\"elementor-section elementor-top-section elementor-element elementor-element-a424421 elementor-section-full_width elementor-section-height-default elementor-section-height-default\" data-id=\"a424421\" data-element_type=\"section\">\n\t\t\t\t\t\t<div class=\"elementor-container elementor-column-gap-default\">\n\t\t\t\t\t\t\t<div class=\"elementor-row\">\n\t\t\t\t\t<div class=\"elementor-column elementor-col-100 elementor-top-column elementor-element elementor-element-ebd00b9\" data-id=\"ebd00b9\" data-element_type=\"column\">\n\t\t\t<div class=\"elementor-column-wrap elementor-element-populated\">\n\t\t\t\t\t\t\t<div class=\"elementor-widget-wrap\">\n\t\t\t\t\t\t<div class=\"elementor-element elementor-element-5f7b0c5 elementor-widget elementor-widget-text-editor\" data-id=\"5f7b0c5\" data-element_type=\"widget\" data-widget_type=\"text-editor.default\">\n\t\t\t\t<div class=\"elementor-widget-container\">\n\t\t\t\t\t\t\t\t<div class=\"elementor-text-editor elementor-clearfix\">\n\t\t\t\t\t\t\t\t\t<\/div>\n\t\t\t\t\t\t<\/div>\n\t\t\t\t<\/div>\n\t\t\t\t\t\t<\/div>\n\t\t\t\t\t<\/div>\n\t\t<\/div>\n\t\t\t\t\t\t\t\t<\/div>\n\t\t\t\t\t<\/div>\n\t\t<\/section>\n\t\t\t\t\t\t\t\t\t<\/div>\n\t\t\t<\/div>\n\t\t\t\t\t<\/div>\n\t\t","protected":false},"excerpt":{"rendered":"<p>L&rsquo;acc\u00e8s au droit est facilit\u00e9 sur site par les permanences d&rsquo;information et les consultations juridiques, r\u00e9guli\u00e8res, respectivement dispens\u00e9es par des associations et des partenaires institutionnels (professionnels de droit : avocats, notaires et huissiers de justice). La plupart de ces permanences se tiennent \u00e9galement dans les Points-Justice du d\u00e9partement, anciennement d\u00e9nomm\u00e9s Points d&rsquo;Acc\u00e8s au droit. Ces <a class=\"more-link\" href=\"https:\/\/maisondejusticetdudroit.fr\/index.php\/comment-ca-fonctionne\/\">Lire plus &#8230;<\/a><\/p>\n","protected":false},"author":1,"featured_media":0,"parent":0,"menu_order":0,"comment_status":"closed","ping_status":"closed","template":"","meta":{"footnotes":""},"yoast_head":"<!-- This site is optimized with the Yoast SEO plugin v19.7.2 - https:\/\/yoast.com\/wordpress\/plugins\/seo\/ -->\n<title>Comment \u00e7a fonctionne ? - Maison De Justice et du Droit de La Rochelle<\/title>\n<meta name=\"robots\" content=\"index, follow, max-snippet:-1, max-image-preview:large, max-video-preview:-1\" \/>\n<link rel=\"canonical\" href=\"https:\/\/maisondejusticetdudroit.fr\/index.php\/comment-ca-fonctionne\/\" \/>\n<meta property=\"og:locale\" content=\"fr_FR\" \/>\n<meta property=\"og:type\" content=\"article\" \/>\n<meta property=\"og:title\" content=\"Comment \u00e7a fonctionne ? - Maison De Justice et du Droit de La Rochelle\" \/>\n<meta property=\"og:description\" content=\"L&rsquo;acc\u00e8s au droit est facilit\u00e9 sur site par les permanences d&rsquo;information et les consultations juridiques, r\u00e9guli\u00e8res, respectivement dispens\u00e9es par des associations et des partenaires institutionnels (professionnels de droit : avocats, notaires et huissiers de justice). La plupart de ces permanences se tiennent \u00e9galement dans les Points-Justice du d\u00e9partement, anciennement d\u00e9nomm\u00e9s Points d&rsquo;Acc\u00e8s au droit. Ces Lire plus ...\" \/>\n<meta property=\"og:url\" content=\"https:\/\/maisondejusticetdudroit.fr\/index.php\/comment-ca-fonctionne\/\" \/>\n<meta property=\"og:site_name\" content=\"Maison De Justice et du Droit de La Rochelle\" \/>\n<meta property=\"article:modified_time\" content=\"2022-04-11T13:51:16+00:00\" \/>\n<meta property=\"og:image\" content=\"https:\/\/maisondejusticetdudroit.fr\/wp-content\/uploads\/elementor\/thumbs\/cliquez-ici-oi7twsyx6mztdpq5dphjnlyvhahcma8h8yshtd9j06.png\" \/>\n<meta name=\"twitter:card\" content=\"summary_large_image\" \/>\n<meta name=\"twitter:label1\" content=\"Dur\u00e9e de lecture estim\u00e9e\" \/>\n\t<meta name=\"twitter:data1\" content=\"2 minutes\" \/>\n<script type=\"application\/ld+json\" class=\"yoast-schema-graph\">{\"@context\":\"https:\/\/schema.org\",\"@graph\":[{\"@type\":\"WebPage\",\"@id\":\"https:\/\/maisondejusticetdudroit.fr\/index.php\/comment-ca-fonctionne\/\",\"url\":\"https:\/\/maisondejusticetdudroit.fr\/index.php\/comment-ca-fonctionne\/\",\"name\":\"Comment \u00e7a fonctionne ? - Maison De Justice et du Droit de La Rochelle\",\"isPartOf\":{\"@id\":\"https:\/\/maisondejusticetdudroit.fr\/#website\"},\"datePublished\":\"2019-12-12T19:48:55+00:00\",\"dateModified\":\"2022-04-11T13:51:16+00:00\",\"breadcrumb\":{\"@id\":\"https:\/\/maisondejusticetdudroit.fr\/index.php\/comment-ca-fonctionne\/#breadcrumb\"},\"inLanguage\":\"fr-FR\",\"potentialAction\":[{\"@type\":\"ReadAction\",\"target\":[\"https:\/\/maisondejusticetdudroit.fr\/index.php\/comment-ca-fonctionne\/\"]}]},{\"@type\":\"BreadcrumbList\",\"@id\":\"https:\/\/maisondejusticetdudroit.fr\/index.php\/comment-ca-fonctionne\/#breadcrumb\",\"itemListElement\":[{\"@type\":\"ListItem\",\"position\":1,\"name\":\"Accueil\",\"item\":\"https:\/\/maisondejusticetdudroit.fr\/\"},{\"@type\":\"ListItem\",\"position\":2,\"name\":\"Comment \u00e7a fonctionne ?\"}]},{\"@type\":\"WebSite\",\"@id\":\"https:\/\/maisondejusticetdudroit.fr\/#website\",\"url\":\"https:\/\/maisondejusticetdudroit.fr\/\",\"name\":\"Maison De Justice et du Droit de La Rochelle\",\"description\":\"Un service gratuit et confidentiel d&#039;information juridique\",\"publisher\":{\"@id\":\"https:\/\/maisondejusticetdudroit.fr\/#organization\"},\"potentialAction\":[{\"@type\":\"SearchAction\",\"target\":{\"@type\":\"EntryPoint\",\"urlTemplate\":\"https:\/\/maisondejusticetdudroit.fr\/?s={search_term_string}\"},\"query-input\":\"required name=search_term_string\"}],\"inLanguage\":\"fr-FR\"},{\"@type\":\"Organization\",\"@id\":\"https:\/\/maisondejusticetdudroit.fr\/#organization\",\"name\":\"Maison de justice et du droit de La Rochelle\",\"url\":\"https:\/\/maisondejusticetdudroit.fr\/\",\"sameAs\":[],\"logo\":{\"@type\":\"ImageObject\",\"inLanguage\":\"fr-FR\",\"@id\":\"https:\/\/maisondejusticetdudroit.fr\/#\/schema\/logo\/image\/\",\"url\":\"https:\/\/maisondejusticetdudroit.fr\/wp-content\/uploads\/2019\/12\/logo_MDJ.png\",\"contentUrl\":\"https:\/\/maisondejusticetdudroit.fr\/wp-content\/uploads\/2019\/12\/logo_MDJ.png\",\"width\":360,\"height\":270,\"caption\":\"Maison de justice et du droit de La Rochelle\"},\"image\":{\"@id\":\"https:\/\/maisondejusticetdudroit.fr\/#\/schema\/logo\/image\/\"}}]}<\/script>\n<!-- \/ Yoast SEO plugin. -->","yoast_head_json":{"title":"Comment \u00e7a fonctionne ? - Maison De Justice et du Droit de La Rochelle","robots":{"index":"index","follow":"follow","max-snippet":"max-snippet:-1","max-image-preview":"max-image-preview:large","max-video-preview":"max-video-preview:-1"},"canonical":"https:\/\/maisondejusticetdudroit.fr\/index.php\/comment-ca-fonctionne\/","og_locale":"fr_FR","og_type":"article","og_title":"Comment \u00e7a fonctionne ? - Maison De Justice et du Droit de La Rochelle","og_description":"L&rsquo;acc\u00e8s au droit est facilit\u00e9 sur site par les permanences d&rsquo;information et les consultations juridiques, r\u00e9guli\u00e8res, respectivement dispens\u00e9es par des associations et des partenaires institutionnels (professionnels de droit : avocats, notaires et huissiers de justice). La plupart de ces permanences se tiennent \u00e9galement dans les Points-Justice du d\u00e9partement, anciennement d\u00e9nomm\u00e9s Points d&rsquo;Acc\u00e8s au droit. Ces Lire plus ...","og_url":"https:\/\/maisondejusticetdudroit.fr\/index.php\/comment-ca-fonctionne\/","og_site_name":"Maison De Justice et du Droit de La Rochelle","article_modified_time":"2022-04-11T13:51:16+00:00","og_image":[{"url":"https:\/\/maisondejusticetdudroit.fr\/wp-content\/uploads\/elementor\/thumbs\/cliquez-ici-oi7twsyx6mztdpq5dphjnlyvhahcma8h8yshtd9j06.png"}],"twitter_card":"summary_large_image","twitter_misc":{"Dur\u00e9e de lecture estim\u00e9e":"2 minutes"},"schema":{"@context":"https:\/\/schema.org","@graph":[{"@type":"WebPage","@id":"https:\/\/maisondejusticetdudroit.fr\/index.php\/comment-ca-fonctionne\/","url":"https:\/\/maisondejusticetdudroit.fr\/index.php\/comment-ca-fonctionne\/","name":"Comment \u00e7a fonctionne ? - Maison De Justice et du Droit de La Rochelle","isPartOf":{"@id":"https:\/\/maisondejusticetdudroit.fr\/#website"},"datePublished":"2019-12-12T19:48:55+00:00","dateModified":"2022-04-11T13:51:16+00:00","breadcrumb":{"@id":"https:\/\/maisondejusticetdudroit.fr\/index.php\/comment-ca-fonctionne\/#breadcrumb"},"inLanguage":"fr-FR","potentialAction":[{"@type":"ReadAction","target":["https:\/\/maisondejusticetdudroit.fr\/index.php\/comment-ca-fonctionne\/"]}]},{"@type":"BreadcrumbList","@id":"https:\/\/maisondejusticetdudroit.fr\/index.php\/comment-ca-fonctionne\/#breadcrumb","itemListElement":[{"@type":"ListItem","position":1,"name":"Accueil","item":"https:\/\/maisondejusticetdudroit.fr\/"},{"@type":"ListItem","position":2,"name":"Comment \u00e7a fonctionne ?"}]},{"@type":"WebSite","@id":"https:\/\/maisondejusticetdudroit.fr\/#website","url":"https:\/\/maisondejusticetdudroit.fr\/","name":"Maison De Justice et du Droit de La Rochelle","description":"Un service gratuit et confidentiel d&#039;information juridique","publisher":{"@id":"https:\/\/maisondejusticetdudroit.fr\/#organization"},"potentialAction":[{"@type":"SearchAction","target":{"@type":"EntryPoint","urlTemplate":"https:\/\/maisondejusticetdudroit.fr\/?s={search_term_string}"},"query-input":"required name=search_term_string"}],"inLanguage":"fr-FR"},{"@type":"Organization","@id":"https:\/\/maisondejusticetdudroit.fr\/#organization","name":"Maison de justice et du droit de La Rochelle","url":"https:\/\/maisondejusticetdudroit.fr\/","sameAs":[],"logo":{"@type":"ImageObject","inLanguage":"fr-FR","@id":"https:\/\/maisondejusticetdudroit.fr\/#\/schema\/logo\/image\/","url":"https:\/\/maisondejusticetdudroit.fr\/wp-content\/uploads\/2019\/12\/logo_MDJ.png","contentUrl":"https:\/\/maisondejusticetdudroit.fr\/wp-content\/uploads\/2019\/12\/logo_MDJ.png","width":360,"height":270,"caption":"Maison de justice et du droit de La Rochelle"},"image":{"@id":"https:\/\/maisondejusticetdudroit.fr\/#\/schema\/logo\/image\/"}}]}},"_links":{"self":[{"href":"https:\/\/maisondejusticetdudroit.fr\/index.php\/wp-json\/wp\/v2\/pages\/1390"}],"collection":[{"href":"https:\/\/maisondejusticetdudroit.fr\/index.php\/wp-json\/wp\/v2\/pages"}],"about":[{"href":"https:\/\/maisondejusticetdudroit.fr\/index.php\/wp-json\/wp\/v2\/types\/page"}],"author":[{"embeddable":true,"href":"https:\/\/maisondejusticetdudroit.fr\/index.php\/wp-json\/wp\/v2\/users\/1"}],"replies":[{"embeddable":true,"href":"https:\/\/maisondejusticetdudroit.fr\/index.php\/wp-json\/wp\/v2\/comments?post=1390"}],"version-history":[{"count":81,"href":"https:\/\/maisondejusticetdudroit.fr\/index.php\/wp-json\/wp\/v2\/pages\/1390\/revisions"}],"predecessor-version":[{"id":7749,"href":"https:\/\/maisondejusticetdudroit.fr\/index.php\/wp-json\/wp\/v2\/pages\/1390\/revisions\/7749"}],"wp:attachment":[{"href":"https:\/\/maisondejusticetdudroit.fr\/index.php\/wp-json\/wp\/v2\/media?parent=1390"}],"curies":[{"name":"wp","href":"https:\/\/api.w.org\/{rel}","templated":true}]}}